k**3 - 10*k**2 + 4*k - 7. Determine h(-7).
-182
Let n(u) = -45*u**2 + 19*u - 5. Calculate n(4).
-649
Let h(z) = -24*z - 97. Determine h(-13).
215
Let y(f) = -154*f + 2159. What is y(14)?
3
Let w(n) = -n**2 + 21*n + 212. What is w(29)?
-20
Let t(s) = -583*s + 1755. Give t(3).
6
Let a(n) = 2*n**3 - 129*n**2 - 198*n - 1. What is a(66)?
-1
Let r(t) = 2*t**2 - 146*t + 2648. Calculate r(40).
8
Let s(d) = 5154*d + 30937. What is s(-6)?
13
Let y(q) = -13*q**3 + 68*q**2 - 4*q - 67. Give y(5).
-12
Let g(r) = -3*r - 114. Determine g(-42).
12
Let m(d) = -d**3 + 8*d**2 - 13*d + 45. Determine m(7).
3
Let c(v) = -75*v**2 + 752*v - 19. Give c(10).
1
Let q(f) = -1966*f + 9822. Determine q(5).
-8
Let a(w) = -w**3 + 11*w**2 - 28*w + 98. Determine a(9).
8
Let u(w) = 6576*w + 39455. Calculate u(-6).
-1
Let i(t) = 8*t**3 + 2*t**2 + 497*t + 496. Give i(-1).
-7
Let d(n) = -15*n**2 + 280*n + 82. Determine d(19).
-13
Let j(z) = -8*z - 383. Give j(-30).
-143
Let i(v) = -14*v + 158. Give i(25).
-192
Let m(y) = -240*y - 698. Calculate m(-3).
22
Let u(n) = -n**3 - 3*n**2 - 2530*n - 10132. Give u(-4).
4
Let q(o) = -40*o + 1524. Calculate q(37).
44
Let z(j) = 2*j**2 + 52*j - 5. Give z(-26).
-5
Let m(w) = 437*w + 1824. What is m(-4)?
76
Let m(x) = x**3 - 16*x**2 - 18*x + 13. Determine m(17).
-4
Let q(g) = 3*g**2 + 21*g + 44. Give q(-8).
68
Let k(u) = -578*u + 5201. Determine k(9).
-1
Let b(s) = s**2 - 239*s + 5153. Calculate b(215).
-7
Let y(t) = 3*t**3 - 28*t**2 - 8*t + 32. Calculate y(10).
152
Let t(j) = j**2 - 797*j - 16342. Calculate t(-20).
-2
Let g(q) = 2*q**3 - 28*q**2 + 124*q - 171. Give g(4).
5
Let y(q) = -175*q - 5977. Determine y(-35).
148
Let z(i) = 2*i**3 - 217*i**2 + 107*i + 101. Determine z(108).
-7
Let v(b) = -17*b + 498. Calculate v(27).
39
Let a(h) = -192*h - 1185. Determine a(-6).
-33
Let g(x) = -x**3 - 6*x**2 - 9*x - 1703. Give g(-14).
-9
Let m(l) = 11*l - 332. Determine m(-4).
-376
Let q(t) = -2*t + 20. Determine q(40).
-60
Let z(n) = 7*n**2 - 83*n - 4. Give z(14).
206
Let l(w) = 4*w**2 + 5*w - 56. Determine l(-6).
58
Let x(d) = -91*d - 4453. Determine x(-49).
6
Let v(k) = -k**3 - 70*k**2 + 221*k. Determine v(3).
6
Let o(t) = -3*t**3 - 1031*t**2 + 345*t + 340. Calculate o(-344).
-4
Let j(b) = -b**3 - 16*b**2 + 51*b - 31. Calculate j(-21).
1103
Let z(x) = -6*x**2 - 24*x - 61. What is z(-3)?
-43
Let q(h) = h**3 + 51*h**2 - 105*h + 56. Calculate q(-53).
3
Let l(p) = -6*p**2 - 53*p + 397. Determine l(8).
-411
Let h(c) = -1541*c - 1600. Calculate h(-1).
-59
Let j(t) = 3*t**2 + 672*t + 2004. What is j(-3)?
15
Let i(z) = 419*z - 1168. Determine i(4).
508
Let t(r) = -r**3 - 16*r - 41. Give t(-4).
87
Let t(v) = -11*v**2 - 28*v - 82. Give t(-6).
-310
Let s(l) = l**3 + 4*l**2 + 9*l - 9. Determine s(-7).
-219
Let g(k) = 54*k + 1677. Determine g(-34).
-159
Let v(j) = j**3 - 12*j**2 - 110*j - 115. Determine v(19).
322
Let o(r) = -r**2 - 65*r - 622. Calculate o(-13).
54
Let u(x) = -2*x**3 + 17*x**2 - 31*x - 7. Give u(5).
13
Let t(q) = q**3 - 42*q**2 - 2*q + 77. What is t(42)?
-7
Let k(p) = -p**2 + 74*p + 1157. Give k(-12).
125
Let l(z) = z**3 - 7*z**2 - 5*z + 30. Give l(2).
0
Let t(d) = -2*d**2 + 56*d - 36. Calculate t(27).
18
Let n(y) = y**3 - 107*y**2 + 2441*y + 20. Give n(33).
-13
Let y(t) = -t + 7. Determine y(4).
3
Let p(i) = -407*i - 63897. Calculate p(-157).
2
Let i(u) = 102*u - 3056. What is i(30)?
4
Let i(j) = -36*j + 339. Calculate i(10).
-21
Let n(m) = -m**2 + 32*m - 324. Calculate n(18).
-72
Let n(f) = 6*f**2 - 18*f - 262. Calculate n(-5).
-22
Let y(f) = 7*f**2 - 647*f - 648. What is y(-1)?
6
Let l(j) = -1038*j + 1031. What is l(1)?
-7
Let g(c) = 291*c - 870. Give g(3).
3
Let w(i) = -5*i**3 + 23*i**2 - 6*i. Determine w(4).
24
Let k(p) = -7*p**2 - 118*p - 94. What is k(-18)?
-238
Let d(x) = 295*x**3 - x**2 + 2*x - 2. Determine d(1).
294
Let n(r) = -4*r**3 + 45*r - 47. What is n(1)?
-6
Let m(z) = -10*z + 17. Calculate m(10).
-83
Let g(r) = r**3 + 11*r**2 - 6*r - 101. What is g(-12)?
-173
Let t(p) = -213*p + 1065. What is t(5)?
0
Let v(m) = m**3 + 2*m**2 - 117*m - 499. Give v(-4).
-63
Let m(l) = -41*l - 1307. Calculate m(-32).
5
Let t(l) = 3*l**3 + 158*l**2 - 213*l + 158. What is t(-54)?
-4
Let g(k) = k**2 + 33*k + 245. Determine g(-25).
45
Let j(n) = -46*n**3 + n**2 + 42*n + 74. What is j(-2)?
362
Let a(p) = -42*p - 432. Calculate a(-13).
114
Let o(t) = t**2 + 16*t + 26. Calculate o(-8).
-38
Let u(o) = o**2 - 15*o + 33. Give u(5).
-17
Let z(n) = 2*n**2 - 55*n - 120. Calculate z(30).
30
Let c(h) = -41*h - 692. Determine c(-15).
-77
Let d(v) = -2*v**3 - 65*v**2 + 101*v - 95. Calculate d(-34).
-61
Let f(n) = 4*n**2 + 1229*n + 7328. Calculate f(-6).
98
Let f(n) = n**3 - 8*n**2 + 8*n + 7. Determine f(7).
14
Let p(n) = n**3 + 33*n**2 + 32*n - 113. Calculate p(-32).
-113
Let w(r) = -7*r**2 + 90*r + 31. Give w(13).
18
Let u(h) = -7*h**3 + 42*h**2 + 8*h + 2. Determine u(6).
50
Let a(h) = -h**3 + 5*h**2 + 141*h - 687. What is a(12)?
-3
Let s(t) = -t**3 - 22*t**2 - 86*t + 11. What is s(-17)?
28
Let g(q) = -q**2 - 172*q - 1777. What is g(-11)?
-6
Let s(n) = 103*n - 141. Determine s(1).
-38
Let r(y) = -y**3 - y**2 + 13*y + 5. Give r(3).
8
Let i(b) = 5*b**2 - 17*b - 63. What is i(-7)?
301
Let c(y) = -5*y**3 - 2*y**2 - 8*y - 20. Give c(-3).
121
Let u(i) = 49*i + 1341. What is u(-28)?
-31
Let f(o) = 34*o + 21. Determine f(-19).
-625
Let b(v) = -6*v**2 + 318*v + 97. Give b(50).
997
Let f(d) = -3*d + 77. What is f(30)?
-13
Let d(h) = -109*h - 534. Determine d(-5).
11
Let a(p) = -43*p - 2452. Calculate a(-56).
-44
Let z(c) = -2*c**3 - 81*c**2 + 107*c + 95. Determine z(-42).
893
Let l(r) = -16*r - 139. Give l(-10).
21
Let q(c) = 36*c**2 + 21*c - 71. Give q(3).
316
Let i(v) = -v**3 + 13*v**2 + 32*v - 561. Calculate i(14).
-309
Let n(t) = -42*t**3 + 2*t**2 - 12*t + 5. Give n(2).
-347
Let j(b) = 26*b + 618. Determine j(-26).
-58
Let n(b) = -13*b**3 - 17*b**2 - 9*b + 2. Calculate n(-1).
7
Let s(b) = -33*b + 36. Calculate s(10).
-294
Let p(r) = -33*r**3 - 24*r**2 - 32*r - 10. Give p(-1).
31
Let t(o) = 32*o**2 + o - 10. Give t(-5).
785
Let u(s) = -s**2 + 13*s + 424. Determine u(28).
4
Let h(a) = -4*a**3 + 43*a**2 + 8*a + 60. Calculate h(11).
27
Let h(u) = -u**2 + 28*u - 101. Determine h(6).
31
Let l(m) = -1524*m + 9151. Determine l(6).
7
Let b(c) = c**2 + 16*c - 258. Give b(-30).
162
Let g(v) = 1394*v - 6956. Determine g(5).
14
Let m(q) = -2*q**3 - 13*q**2 + 3*q + 1. What is m(-7)?
29
Let z(b) = -3*b**2 - 12*b + 573. Calculate z(-16).
-3
Let z(j) = -6*j + 202. Calculate z(20).
82
Let u(l) = -999*l + 4991. What is u(5)?
-4
Let r(v) = -7*v**2 + 79*v - 238. Determine r(7).
-28
Let z(m) = m**3 + 8*m**2 - 11*m - 52. Give z(-8).
36
Let o(m) = -2*m**3 + 91*m**2 + 44*m + 91. Give o(46).
-1
Let b(r) = -3*r**3 + 522*r**2 - 7*r + 1250. What is b(174)?
32
Let o(p) = -3*p + 42. Calculate o(-33).
141
Let m(w) = -4*w**3 + 3*w**2 + 302*w + 302. Calculate m(-1).
7
Let q(f) = 4*f**2 + 10*f - 7. What is q(-7)?
119
Let b(c) = 1257*c + 1225. Determine b(-1).
-32
Let a(t) = -2675*t + 2679. Give a(1).
4
Let c(q) = -5*q**2 + 125*q + 117. Determine c(26).
-13
Let q(l) = l**3 - 16*l**2 - 110*l + 1759. Determine q(16).
-1
Let r(a) = -93*a**3 - a**2 - 108*a + 108. Calculate r(1).
-94
Let q(d) = -20*d + 95. Calculate q(4).
15
Let o(v) = v**3 + 22*v**2 + 2*v + 136. Give o(-22).
92
Let m(d) = d**3 - 19*d**2 + 24*d - 238. Determine m(18).
-130
Let o(g) = -g**3 - 91*g**2 - 92*g - 185. Determine o(-90).
-5
Let b(a) = 5718*a - 97212. Give b(17).
-6
Let f(x) = 25*x**3 - 403*x**2 + 49*x - 15. Give f(16).
1
Let j(i) = i**2 - 143*i + 5058. Determine j(62).
36
Let a(g) = 7*g**2 + 41*g + 14. Calculate a(-7).
70
Let c(u) = 724*u - 15973. Calculate c(22).
-45
Let l(j) = 5*j**3 + 18*j**2 + 31*j + 87. Determine l(-3).
21
Let i(h) = 10*h**2 + 4*h - 19. Calculate i(2).
29
Let g(u) = -27*u**2 + 1433*u - 121. Give g(53).
-15
Let m(a) = a**3 - 7*a**2 + 11*a - 22. Determine m(5).
-17
Let t(d) = 180*d - 910. What is t(5)?
-10
Let u(p) = -13*p + 344. Determine u(51).
-319
Let z(q) = 3*q**2 + 211*q - 813. What is z(-74)?
1
Let w(o) = -11*o**3 - 62*o**2 - 85*o - 58. Determine w(-4).
-6
Let k(i) = -95*i - 187. Give k(-2).
3
Let u(l) = -2*l**2 + 84. Give u(-6).
12
Let o(d) = -d**3 + 35*d**2 - 299*d + 76. Determine o(14).
6
Let m(s) = -s